{"id":9,"date":"2026-04-25T10:04:08","date_gmt":"2026-04-25T10:04:08","guid":{"rendered":"https:\/\/somosimpulsolocal.es\/?page_id=9"},"modified":"2026-04-25T10:35:22","modified_gmt":"2026-04-25T10:35:22","slug":"en-construccion","status":"publish","type":"page","link":"https:\/\/somosimpulsolocal.es\/","title":{"rendered":"En construcci\u00f3n"},"content":{"rendered":"\t\t<div data-elementor-type=\"wp-page\" data-elementor-id=\"9\" class=\"elementor elementor-9\">\n\t\t\t\t<div class=\"elementor-element elementor-element-5224a78 e-flex e-con-boxed e-con e-parent\" data-id=\"5224a78\" data-element_type=\"container\" data-e-type=\"container\">\n\t\t\t\t\t<div class=\"e-con-inner\">\n\t\t\t\t\t<\/div>\n\t\t\t\t<\/div>\n\t\t<div class=\"elementor-element elementor-element-08eb760 e-con-full e-flex e-con e-parent\" data-id=\"08eb760\" data-element_type=\"container\" data-e-type=\"container\">\n\t\t<div class=\"elementor-element elementor-element-48d0993 e-con-full e-flex e-con e-child\" data-id=\"48d0993\" data-element_type=\"container\" data-e-type=\"container\">\n\t\t\t\t<\/div>\n\t\t<div class=\"elementor-element elementor-element-03e0148 e-con-full e-flex e-con e-child\" data-id=\"03e0148\" data-element_type=\"container\" data-e-type=\"container\">\n\t\t\t\t\t\t\t\n\t\t<img class=\"e-image-base \" \n\t\t\t\t\tdata-interaction-id=\"b7e53dc\" \n\t\t \n\t\t \n\t\t\t\t\t\t\t\t\tid=\"46\"\n\t\t\t\t\t\t\t\t\t\t\t\tsrc=\"https:\/\/somosimpulsolocal.es\/wp-content\/uploads\/2026\/04\/Impulso-local-web-logo.png\"\n\t\t\t\t\t\t\t\t\t\t\t\twidth=\"2192\"\n\t\t\t\t\t\t\t\t\t\t\t\theight=\"1163\"\n\t\t\t\t\t\t\t\t\t\t\t\tsrcset=\"https:\/\/somosimpulsolocal.es\/wp-content\/uploads\/2026\/04\/Impulso-local-web-logo.png 2192w, https:\/\/somosimpulsolocal.es\/wp-content\/uploads\/2026\/04\/Impulso-local-web-logo-300x159.png 300w, https:\/\/somosimpulsolocal.es\/wp-content\/uploads\/2026\/04\/Impulso-local-web-logo-1024x543.png 1024w, https:\/\/somosimpulsolocal.es\/wp-content\/uploads\/2026\/04\/Impulso-local-web-logo-768x407.png 768w, https:\/\/somosimpulsolocal.es\/wp-content\/uploads\/2026\/04\/Impulso-local-web-logo-1536x815.png 1536w, https:\/\/somosimpulsolocal.es\/wp-content\/uploads\/2026\/04\/Impulso-local-web-logo-2048x1087.png 2048w\"\n\t\t\t\t\t\t\t\t\t\t\t\talt=\"\"\n\t\t\t\t\t\t\/>\n\t\t\t\t\t<\/div>\n\t\t<div class=\"elementor-element elementor-element-749f107 e-con-full e-flex e-con e-child\" data-id=\"749f107\" data-element_type=\"container\" data-e-type=\"container\">\n\t\t\t\t<\/div>\n\t\t\t\t<\/div>\n\t\t<div class=\"elementor-element elementor-element-03aa04e e-flex e-con-boxed e-con e-parent\" data-id=\"03aa04e\" data-element_type=\"container\" data-e-type=\"container\">\n\t\t\t\t\t<div class=\"e-con-inner\">\n\t\t<div class=\"elementor-element elementor-element-8cc9e13 e-con-full e-flex e-con e-child\" data-id=\"8cc9e13\" data-element_type=\"container\" data-e-type=\"container\">\n\t\t\t\t<\/div>\n\t\t<div class=\"elementor-element elementor-element-cf81228 e-con-full e-flex e-con e-child\" data-id=\"cf81228\" data-element_type=\"container\" data-e-type=\"container\">\n\t\t\t\t<div class=\"elementor-element elementor-element-4f53581 elementor-widget elementor-widget-text-editor\" data-id=\"4f53581\" data-element_type=\"widget\" data-e-type=\"widget\" data-widget_type=\"text-editor.default\">\n\t\t\t\t\t\t\t\t\t<p class=\"p1\" style=\"text-align: center;\"><span style=\"color: #f2c5bd;\">Soluciones pr\u00e1cticas y acompa\u00f1amiento a medida para <\/span><span style=\"color: #f2c5bd;\">fortalecer negocios, profesionales y redes del territorio<\/span><\/p><p class=\"p2\" style=\"text-align: center;\"><span style=\"color: #f2c5bd;\">Estamos en construcci\u00f3n en breve tendremos toda la informaci\u00f3n.<\/span><\/p><p class=\"p4\" style=\"text-align: center;\"><span style=\"color: #ffffff;\">\u00bfTienes un proyecto en mente? Cont\u00e1ctanos:<\/span><\/p><p class=\"p5\" style=\"text-align: center;\"><span style=\"color: #f2c5bd;\"><a style=\"color: #f2c5bd;\" href=\"mailto:hola@somosimpulsolocal.es\">hola@somosimpulsolocal.es<\/a><\/span><\/p><p class=\"p5\" style=\"text-align: center;\"><span style=\"color: #ffffff;\">658 155 386<\/span><\/p>\t\t\t\t\t\t\t\t<\/div>\n\t\t\t\t<\/div>\n\t\t<div class=\"elementor-element elementor-element-3acb54f e-con-full e-flex e-con e-child\" data-id=\"3acb54f\" data-element_type=\"container\" data-e-type=\"container\">\n\t\t\t\t<\/div>\n\t\t\t\t\t<\/div>\n\t\t\t\t<\/div>\n\t\t\t\t<\/div>\n\t\t","protected":false},"excerpt":{"rendered":"<p>Soluciones pr\u00e1cticas y acompa\u00f1amiento a medida para fortalecer negocios, profesionales y redes del territorio Estamos en construcci\u00f3n en breve tendremos [&hellip;]<\/p>\n","protected":false},"author":1,"featured_media":0,"parent":0,"menu_order":0,"comment_status":"closed","ping_status":"closed","template":"","meta":{"site-sidebar-layout":"default","site-content-layout":"","ast-site-content-layout":"default","site-content-style":"default","site-sidebar-style":"default","ast-global-header-display":"","ast-banner-title-visibility":"","ast-main-header-display":"","ast-hfb-above-header-display":"","ast-hfb-below-header-display":"","ast-hfb-mobile-header-display":"","site-post-title":"disabled","ast-breadcrumbs-content":"","ast-featured-img":"","footer-sml-layout":"","ast-disable-related-posts":"","theme-transparent-header-meta":"","adv-header-id-meta":"","stick-header-meta":"","header-above-stick-meta":"","header-main-stick-meta":"","header-below-stick-meta":"","astra-migrate-meta-layouts":"default","ast-page-background-enabled":"default","ast-page-background-meta":{"desktop":{"background-color":"var(--ast-global-color-5)","background-image":"","background-repeat":"repeat","background-position":"center center","background-size":"auto","background-attachment":"scroll","background-type":"","background-media":"","overlay-type":"","overlay-color":"","overlay-opacity":"","overlay-gradient":""},"tablet":{"background-color":"","background-image":"","background-repeat":"repeat","background-position":"center center","background-size":"auto","background-attachment":"scroll","background-type":"","background-media":"","overlay-type":"","overlay-color":"","overlay-opacity":"","overlay-gradient":""},"mobile":{"background-color":"","background-image":"","background-repeat":"repeat","background-position":"center center","background-size":"auto","background-attachment":"scroll","background-type":"","background-media":"","overlay-type":"","overlay-color":"","overlay-opacity":"","overlay-gradient":""}},"ast-content-background-meta":{"desktop":{"background-color":"var(--ast-global-color-4)","background-image":"","background-repeat":"repeat","background-position":"center center","background-size":"auto","background-attachment":"scroll","background-type":"","background-media":"","overlay-type":"","overlay-color":"","overlay-opacity":"","overlay-gradient":""},"tablet":{"background-color":"var(--ast-global-color-4)","background-image":"","background-repeat":"repeat","background-position":"center center","background-size":"auto","background-attachment":"scroll","background-type":"","background-media":"","overlay-type":"","overlay-color":"","overlay-opacity":"","overlay-gradient":""},"mobile":{"background-color":"var(--ast-global-color-4)","background-image":"","background-repeat":"repeat","background-position":"center center","background-size":"auto","background-attachment":"scroll","background-type":"","background-media":"","overlay-type":"","overlay-color":"","overlay-opacity":"","overlay-gradient":""}},"footnotes":""},"class_list":["post-9","page","type-page","status-publish","hentry"],"_links":{"self":[{"href":"https:\/\/somosimpulsolocal.es\/index.php\/wp-json\/wp\/v2\/pages\/9","targetHints":{"allow":["GET"]}}],"collection":[{"href":"https:\/\/somosimpulsolocal.es\/index.php\/wp-json\/wp\/v2\/pages"}],"about":[{"href":"https:\/\/somosimpulsolocal.es\/index.php\/wp-json\/wp\/v2\/types\/page"}],"author":[{"embeddable":true,"href":"https:\/\/somosimpulsolocal.es\/index.php\/wp-json\/wp\/v2\/users\/1"}],"replies":[{"embeddable":true,"href":"https:\/\/somosimpulsolocal.es\/index.php\/wp-json\/wp\/v2\/comments?post=9"}],"version-history":[{"count":26,"href":"https:\/\/somosimpulsolocal.es\/index.php\/wp-json\/wp\/v2\/pages\/9\/revisions"}],"predecessor-version":[{"id":52,"href":"https:\/\/somosimpulsolocal.es\/index.php\/wp-json\/wp\/v2\/pages\/9\/revisions\/52"}],"wp:attachment":[{"href":"https:\/\/somosimpulsolocal.es\/index.php\/wp-json\/wp\/v2\/media?parent=9"}],"curies":[{"name":"wp","href":"https:\/\/api.w.org\/{rel}","templated":true}]}}